{"id":216,"date":"2015-03-31T15:04:52","date_gmt":"2015-03-31T15:04:52","guid":{"rendered":"http:\/\/vierundsechzig.de\/f64\/?page_id=216"},"modified":"2023-02-17T11:18:15","modified_gmt":"2023-02-17T10:18:15","slug":"about","status":"publish","type":"page","link":"https:\/\/www.vierundsechzig.de\/f64\/about\/","title":{"rendered":"About"},"content":{"rendered":"<p>Stefan Frank is a photographer from Heidelberg, Germany. He studied at Ostkreuzschule, Berlin with Thomas Meyer and Sybille Fendt, and at Atelier Smedsby, Paris with JH Engstroem and Margot Wallard.\u00a0<\/p>\n<p>His work has been exhibited on several occasions in Berlin, Frankfurt, and Heidelberg on wide-ranging topics as Europe (\u201cThy magic binds again\u201d) and New Topography(\u201cOf Unknown Territories\u201d) or Time(\u201cChronophobia\u201d).<\/p>\n\n\n<h2 class=\"wp-block-heading\">Exhibitions<\/h2>\n\n\n\n<figure class=\"wp-block-image size-large\"><img decoding=\"async\" src=\"https:\/\/www.vierundsechzig.de\/f64\/wp-content\/uploads\/2020\/02\/1-01_UNBEKTERR_20191123_230004.jpeg\" alt=\"\" class=\"wp-image-5263\"\/><\/figure>\n\n\n\n<p>Frankfurt, Oktober 2019: Von unbekannten Territorien, Buchvorstellung &#8220;A43\/S\u00fcdstr.&#8221;, Frankfurt Forum f\u00fcr Fotografie<\/p>\n\n\n\n<p><\/p>\n\n\n\n<figure class=\"wp-block-image size-large\"><img decoding=\"async\" src=\"https:\/\/www.vierundsechzig.de\/f64\/wp-content\/uploads\/2020\/02\/IMG_4084-1-scaled.jpeg\" alt=\"\" class=\"wp-image-5266\"\/><\/figure>\n\n\n\n<p>Augsburg, Juli 2019<\/p>\n\n\n\n<figure class=\"wp-block-image size-large\"><img decoding=\"async\" src=\"https:\/\/www.vierundsechzig.de\/f64\/wp-content\/uploads\/2020\/02\/IMG_3738-scaled.jpeg\" alt=\"\" class=\"wp-image-5267\"\/><\/figure>\n\n\n\n<p>Berlin, April 2019:      Deine Zauber binden wieder, &#8220;Chronophobia&#8221;, Behanien Haus<\/p>\n\n\n\n<figure class=\"wp-block-image size-large\"><img decoding=\"async\" src=\"https:\/\/www.vierundsechzig.de\/f64\/wp-content\/uploads\/2020\/02\/IMG_0138-scaled.jpeg\" alt=\"\" class=\"wp-image-5262\"\/><\/figure>\n\n\n\n<ul class=\"wp-block-list\"><li>M\u00e4rz 2017       o.T. &#8220;Der Aufenthalt!&#8221;: , Berlin, Bethanien Haus<\/li><\/ul>\n\n\n\n<p><\/p>\n","protected":false},"excerpt":{"rendered":"<p>Stefan Frank is a photographer from Heidelberg, Germany. He studied at Ostkreuzschule, Berlin with Thomas Meyer and Sybille Fendt, and at Atelier Smedsby, Paris with JH Engstroem and Margot Wallard.\u00a0 His work has been exhibited on several occasions in Berlin, Frankfurt, and Heidelberg on wide-ranging topics as Europe (\u201cThy magic binds again\u201d) and New Topography(\u201cOf [&hellip;]<\/p>\n","protected":false},"author":1,"featured_media":0,"parent":0,"menu_order":3,"comment_status":"closed","ping_status":"open","template":"","meta":{"jetpack_post_was_ever_published":false},"class_list":["post-216","page","type-page","status-publish","hentry"],"grid":"{\r\n  \"colCount\": 12,\r\n  \"colGutter\": 1,\r\n  \"rowGutters\": [\r\n    5\r\n  ],\r\n  \"frameMargin\": 5,\r\n  \"topFrameMargin\": 120,\r\n  \"bottomFrameMargin\": 5,\r\n  \"rowAttrs\": [\r\n    {\r\n      \"relid\": 9\r\n    },\r\n    {\r\n      \"relid\": 11\r\n    }\r\n  ],\r\n  \"bgColor\": null,\r\n  \"cont\": [\r\n    {\r\n      \"type\": \"text\",\r\n      \"cont\": \"<p class=\\\"p1\\\">\u201cFirst and foremost, I continue to insist that I am a photographer. It is<span class=\\\"Apple-converted-space\\\">\u00a0 <\/span>entirely impossible for me to to abandon that. I have always believed that I was born into life to be a photographer.\u201d<\/p>\\n<p class=\\\"p1\\\">-- Nakuma Takahira<\/p>\\n<p>\u00a0<\/p>\\n<p>\u00a0<\/p>\\n<p>\u00ad<\/p>\\n<p>Stefan Frank<\/p>\\n<p style=\\\"line-height: 0.6;\\\">s.frank(at)vierundsechzig.de<\/p>\\n<p style=\\\"line-height: 0.6;\\\">Max-Wolf-Str. 9<\/p>\\n<p style=\\\"line-height: 0.6;\\\">69120 Heidelberg<\/p>\",\r\n      \"align\": \"top\",\r\n      \"row\": 0,\r\n      \"col\": 0,\r\n      \"colspan\": 6,\r\n      \"offsetx\": 0,\r\n      \"offsety\": 0,\r\n      \"spaceabove\": 0,\r\n      \"spacebelow\": 0,\r\n      \"yvel\": 1,\r\n      \"push\": 0,\r\n      \"relid\": 7,\r\n      \"frameOverflow\": \"\",\r\n      \"absolute_position\": false\r\n    },\r\n    {\r\n      \"type\": \"img\",\r\n      \"cont\": \"https:\/\/s3.eu-central-1.amazonaws.com\/cdn.vierundsechzig.de\/f64\/wp-content\/uploads\/2023\/02\/17111628\/strudelmedialive_stefan-frank-600-800__headshot.jpg\",\r\n      \"align\": \"top\",\r\n      \"row\": 0,\r\n      \"col\": 8,\r\n      \"colspan\": 4,\r\n      \"offsetx\": 0,\r\n      \"offsety\": 0,\r\n      \"spaceabove\": 0,\r\n      \"spacebelow\": 0,\r\n      \"yvel\": 1,\r\n      \"push\": 2,\r\n      \"relid\": 558,\r\n      \"attid\": 7968,\r\n      \"sizes\": {\r\n        \"full\": \"https:\/\/s3.eu-central-1.amazonaws.com\/cdn.vierundsechzig.de\/f64\/wp-content\/uploads\/2023\/02\/17111628\/strudelmedialive_stefan-frank-600-800__headshot.jpg\",\r\n        \"_512\": \"https:\/\/s3.eu-central-1.amazonaws.com\/cdn.vierundsechzig.de\/f64\/wp-content\/uploads\/2023\/02\/17111628\/strudelmedialive_stefan-frank-600-800__headshot-512x683.jpg\",\r\n        \"_265\": \"https:\/\/s3.eu-central-1.amazonaws.com\/cdn.vierundsechzig.de\/f64\/wp-content\/uploads\/2023\/02\/17111628\/strudelmedialive_stefan-frank-600-800__headshot-265x353.jpg\"\r\n      },\r\n      \"w\": 600,\r\n      \"h\": 800,\r\n      \"ar\": 1.3333333333333333,\r\n      \"alt\": \"\",\r\n      \"absolute_position\": false,\r\n      \"frameOverflow\": \"\"\r\n    },\r\n    {\r\n      \"type\": \"text\",\r\n      \"cont\": \"<h2>IMPRESSUM<\/h2>\\n<p>\u00a9 Stefan Frank, Heidelberg 2023<\/p>\\n<p><span>Die auf dieser Internet-Seite zug\u00e4nglich gemachten Inhalte, Text- und Bildmaterialien sind urheberrechtlich gesch\u00fctzt. <\/span><br \/><span>Jede Vervielf\u00e4ltigung und Verbreitung, sowie die \u00dcberlassung an Dritte sind nur mit ausdr\u00fccklicher schriftlicher Genehmigung durch Stefan Frank gestattet. Urheberrechtsverletzungen sind zivilrechtlich gem. \u00a7 97 UrhG verboten und gem. \u00a7 106 UrhG auch strafbar. <\/span><br \/><br \/><span>Rechtliche Hinweise<\/span><br \/><span>Die auf meiner Website ver\u00f6ffentlichten Inhalte sind mit gr\u00f6\u00dfter Sorgfalt recherchiert. Dennoch kann keine Gew\u00e4hr f\u00fcr ihre Richtigkeit und Vollst\u00e4ndigkeit \u00fcbernommen werden. Alle Angaben erfolgen ohne Gew\u00e4hr.<\/span><br \/><br \/><span>Ich biete auf meiner Website u. U. Links zu anderen Seiten im Internet an. Ich weise ausdr\u00fccklich darauf hin, dass ich keinerlei Einfluss auf die Inhalte der gelinkten Seiten habe. Deshalb distanziere ich mich hiermit ausdr\u00fccklich von allen Inhalten aller gelinkten Seiten inklusive aller Unterseiten, die gegen geltendes Recht versto\u00dfen sowie gegen Internetseiten mit extremistischen oder gegen die guten Sitten versto\u00dfenden Inhalten. Diese Erkl\u00e4rung gilt f\u00fcr alle auf meinen Seiten angebrachten Links. Sollte ein Inhaber eine Verlinkung seiner Seite nicht oder in anderer Form w\u00fcnschen, bitte ich um eine entsprechende Nachricht. Seinen W\u00fcnschen wird umgehend Rechnung getragen.<\/span><br \/><br \/><\/p>\\n<h2>DATENSCHUTZERKL\u00c4RUNG<\/h2>\\n<p><span>Die Nutzung dieser Website ist ohne Angabe personenbezogener Daten m\u00f6glich. <\/span><br \/><span>Auf ulrichwuest.de werden keine Cookies eingesetzt. <\/span><br \/><span>Auf dieser Webseite kommen keine Tracking-Services anderer Diensteanbieter zum Einsatz.<\/span><br \/><span>Beim Besuch von vierundsechzig.de und bei jedem Abruf einer Seite speichert der Webserver \u00fcber diese Vorg\u00e4nge Zugriffsinformationen (Browsertyp\/Browserversion, aufgerufene URL, Referer URL, IP-Adresse des zugreifenden Systems, Datum und Uhrzeit der Serveranfrage). Diese Daten werden durch den auf Ihrem Endger\u00e4t zum Einsatz kommenden Internet-Browser automatisch an den Server meiner Webseite gesendet. Diese so genannten Http-Protokolldaten sind keine personenbezogenen Daten: es ist mir nicht m\u00f6glich, die erfassten Daten einer bestimmten nat\u00fcrlichen Person zuzuordnen. S\u00e4mtliche dieser Angaben werden von mir ausschlie\u00dflich zu statistischen Zwecken ausgewertet und zur Optimierung der Sicherheit des Betriebs der Internetseite ben\u00f6tigt. Eine Weitergabe der Daten an Dritte, oder eine Verkn\u00fcpfung dieser Daten mit anderen Datenverarbeitungen erfolgt durch mich nicht. Diese Http-Protokolldaten (Server-Log-Files) werden auf den Servern meines Webhosting-Anbieters erfasst und gespeichert, die Statistik befindet sich in einem passwort-gesicherten Bereich.<\/span><br \/><br \/><span>Zur Wahrnehmung Ihres Auskunftsrechtes \u00fcber personenbezogene Daten, sowie Ihres Rechtes auf Berichtigung oder L\u00f6schung von personenbezogenen Daten, wenden Sie sich bitte an die unter Kontakt genannte Adresse.<\/span><br \/><br \/><span>Der Nutzung von im Rahmen der Impressumspflicht ver\u00f6ffentlichten Kontaktdaten durch Dritte zur \u00dcbersendung von nicht ausdr\u00fccklich angeforderter Werbung und Informationsmaterialien wird hiermit ausdr\u00fccklich widersprochen.<\/span><\/p>\",\r\n      \"align\": \"top\",\r\n      \"row\": 1,\r\n      \"col\": 0,\r\n      \"colspan\": 12,\r\n      \"offsetx\": 0,\r\n      \"offsety\": 0,\r\n      \"spaceabove\": 0,\r\n      \"spacebelow\": 0,\r\n      \"yvel\": 1,\r\n      \"push\": 0,\r\n      \"relid\": 8,\r\n      \"frameOverflow\": \"\",\r\n      \"absolute_position\": false\r\n    }\r\n  ]\r\n}","phonegrid":"","jetpack_sharing_enabled":true,"jetpack_shortlink":"https:\/\/wp.me\/P6LHZm-3u","jetpack-related-posts":[{"id":217,"url":"https:\/\/www.vierundsechzig.de\/f64\/contact\/","url_meta":{"origin":216,"position":0},"title":"Contact","author":"stf","date":"March 31, 2015","format":false,"excerpt":"Stefan Frank Max-Wolf-Str. 9 D-69120 Heidelberg, Germany Phone +49 151 40155607 Mail s.frank(at)vierundsechzig.de \u00a0","rel":"","context":"Similar post","block_context":{"text":"Similar post","link":""},"img":{"alt_text":"","src":"","width":0,"height":0},"classes":[]}],"_links":{"self":[{"href":"https:\/\/www.vierundsechzig.de\/f64\/wp-json\/wp\/v2\/pages\/216","targetHints":{"allow":["GET"]}}],"collection":[{"href":"https:\/\/www.vierundsechzig.de\/f64\/wp-json\/wp\/v2\/pages"}],"about":[{"href":"https:\/\/www.vierundsechzig.de\/f64\/wp-json\/wp\/v2\/types\/page"}],"author":[{"embeddable":true,"href":"https:\/\/www.vierundsechzig.de\/f64\/wp-json\/wp\/v2\/users\/1"}],"replies":[{"embeddable":true,"href":"https:\/\/www.vierundsechzig.de\/f64\/wp-json\/wp\/v2\/comments?post=216"}],"version-history":[{"count":0,"href":"https:\/\/www.vierundsechzig.de\/f64\/wp-json\/wp\/v2\/pages\/216\/revisions"}],"wp:attachment":[{"href":"https:\/\/www.vierundsechzig.de\/f64\/wp-json\/wp\/v2\/media?parent=216"}],"curies":[{"name":"wp","href":"https:\/\/api.w.org\/{rel}","templated":true}]}}